
Let v = 11 - 9. Suppose -v*t - 2*t = 0. Suppose t = -3*p + 6 - 0. What is the units digit of p?
2
Let k be ((-8)/(-6))/(9/(-54)). Let j = 25 + k. Let p = j - 0. What is the units digit of p?
7
Let q = 87 - 55. Let a = 3 + q. What is the units digit of a?
5
Let v(d) = 2*d**2 - 12. What is the units digit of v(5)?
8
Suppose -4*g + 284 = -5*d, -5*d = -3*d. What is the tens digit of g?
7
Let u(p) = p**2 + 3*p + 9. What is the units digit of u(-8)?
9
Let k(i) = i**3 + 6*i**2 - 5*i - 1. Let d be k(-7). Let j = d + 31. What is the tens digit of j?
1
Suppose 0 = -3*g - 4*d + 29, -g + d = 2*g - 4. What is the units digit of g*-1*(-32)/12?
8
Let n = -11 + 7. Let m be 24 + -5 + n/2. Suppose -2*b + 5*x + 10 = -m, 2*b - 2*x - 12 = 0. What is the units digit of b?
1
Suppose -3*k = k - 116. What is the units digit of k?
9
Suppose 4*k + 4*i - 21 = -5, 0 = 3*k - 2*i + 8. Suppose k*v = -v + 2. Suppose v*r = 22 - 4. What is the units digit of r?
9
Let c(o) = -o**3 - 2*o**2 + 6*o - 1. What is the units digit of c(-4)?
7
Let u(w) = 5*w**3 - 11*w**2 - w - 4. Let i(x) = x**3 - x**2 - 1. Let g(y) = 6*i(y) - u(y). What is the units digit of g(-4)?
0
Let o be ((-5)/5)/((-2)/14). Let z(x) = -x**2 + o + 8*x + 1 + 3. What is the tens digit of z(8)?
1
Suppose 8*v - 664 = 4*v. What is the hundreds digit of v?
1
Let f be 6/15 + 2/(-5). Let n = f - -6. Suppose w + 2 = 0, n*k - k = -5*w + 20. What is the units digit of k?
6
Suppose 0*q - 5*q + 145 = 0. Let b = q + -16. What is the tens digit of b?
1
Let s be (3 - 0 - 2) + 7. Let g be (-3)/2*s/(-3). Suppose n = -g*n + 50. What is the units digit of n?
0
Suppose -4 = -4*i - 0. Let l be (-1 - -8)/(i/(-3)). Let d = 31 + l. What is the tens digit of d?
1
Suppose 16 = 2*u - 4*n - 4, -u = -n - 8. What is the units digit of u?
6
Let h be 66/(-16) - 8/(-64). Let n(x) = -x - 1 - 5 - 2*x. What is the units digit of n(h)?
6
Let u be -5 - (-1 - (-2 - -2)). Let m be (-19)/u + 1/4. Suppose m*a = 1 + 14. What is the units digit of a?
3
Suppose 12 = 13*n - 10*n. Suppose 32 = 4*l - n. What is the units digit of l?
9
Suppose 0*g = -5*g - 15. Let u be g*(53 + 0 + -1). What is the units digit of u/(-27) + (-2)/(-9)?
6
Let p(r) = r**2 - 4*r + 3. Let c be p(2). Let n(q) be the second derivative of -7*q**5/20 - q**4/12 - 2*q. What is the units digit of n(c)?
6
Let w(d) = d**2 - 8*d - 4. Let s be w(7). Let n = -6 - s. What is the units digit of n?
5
Let h(s) = -6 + 4*s - 1 - 5*s + 6*s. What is the tens digit of h(5)?
1
Let d(h) = -h - 1. Let p(y) = y - 2. Let i be p(6). Let m be d(i). What is the units digit of (-160)/(-25) - 3/m?
7
Let n = 10 - -45. Let c = -1 - -6. Suppose -r - n = -3*m + r, 5*m - 50 = -c*r. What is the units digit of m?
5
Let u(y) = -137*y - 8. What is the tens digit of u(-1)?
2
Suppose -3*g + 9 = 3. Suppose g*u - 3 = u. What is the units digit of u?
3
Let x = -102 - -173. What is the units digit of x?
1
Suppose 3*y + y = 0. Suppose y = 3*c - 15 - 12. Suppose -36 = -5*w + c. What is the units digit of w?
9
Suppose 0 = -4*f + 46 + 66. Let s = f + -12. What is the tens digit of (4/(-3))/(s/(-120))?
1
Suppose 3*d + 5 = 8*d, -2*p - d + 87 = 0. Let h = p - 27. What is the tens digit of h?
1
Let u = 9 + -13. What is the units digit of 49/(-2)*(2 + u)?
9
Let t = 54 - 30. What is the units digit of t?
4
Let d be 0/(3/(-1 + 4)). Suppose -2*z + 5*z + 2*c = -8, -4*c - 16 = d. What is the units digit of -2*(2 + -3) + z?
2
Suppose 5*m - 56 = -4*a, -a + 20 = 2*m - 0*m. What is the units digit of m?
8
Let r(m) = m**2 - 8*m + 24. What is the hundreds digit of r(-13)?
2
Let u be 3/(-1) - (-62 + -6). Suppose 5*q + 2*t - u = 0, -3 = q - 2*t - 4. What is the tens digit of q?
1
Suppose -h + 0 = -4. Suppose -4*z - 5*w = -4*w - 22, 18 = h*z - w. What is the units digit of z?
5
Let b be 2/5 - (-2916)/(-15). What is the units digit of b/(-10) - 20/50?
9
Let f(u) = 13*u**3 - 2*u. Let v(c) = -7*c**3 + c. Let h(p) = 4*f(p) + 9*v(p). Let j be h(-1). Suppose 3*d - j + 1 = 0. What is the units digit of d?
3
Let i be (-9)/(-6) + (-58)/(-4). Suppose 5*r + 16 = x, i = 3*x - 0*x + r. What is the units digit of x?
6
Let p(i) = -i**3 + 15*i**2 + 9*i + 19. What is the tens digit of p(15)?
5
Suppose -3*j = -3*w + 12, 0 = -2*w + 5*w + 3*j - 42. What is the units digit of w?
9
Let t(h) = -2*h - 2. Let f(c) = 2*c + 3. Suppose 0 = 5*l + 5, -5*l + 15 = -6*m + m. Let b(v) = m*t(v) - 5*f(v). What is the units digit of b(-9)?
1
Suppose -5*t + 1 + 9 = 0. Suppose -2*n + w = -3*w - 10, -3*n + 23 = t*w. What is the units digit of n?
7
Let n = -5 - -8. What is the units digit of n?
3
Let g(d) = 2*d + 2. Let j be g(2). Let s = -4 + j. Suppose -s*h + 3 = 1. What is the units digit of h?
1
Suppose 4 = 4*k - 8, 2*o + k - 31 = 0. What is the units digit of o?
4
Let r be (-3 + 2 - 4)*-4. Let t = r - -2. What is the units digit of t?
2
Let i be 20/(-15)*(-6)/4. Suppose -3*a + 3*x = 2*x - 73, 2*a = i*x + 50. Suppose -2*n + 4*n = a. What is the units digit of n?
2
Suppose -r = -15 + 4. Let c = r + -7. What is the units digit of c?
4
Let v(u) = 11*u**3 + 7*u**2 - 5*u + 5. Let l(a) = 6*a**3 + 4*a**2 - 3*a + 3. Let h(o) = -7*l(o) + 4*v(o). What is the units digit of h(1)?
2
Suppose -y = 2*s + 2*s - 640, 145 = s + 4*y. What is the units digit of s?
1
Let d(z) = 3*z**3 - 2*z**2 - 2*z - 6. What is the tens digit of d(3)?
5
What is the tens digit of 4/(-3) - (-2848)/48?
5
Let t(h) = -h + 8. Let o be t(7). Suppose -2*n + 2*j = -o - 11, 3 = 2*n + j. What is the units digit of n?
3
Suppose 2*y = 2*a - 2, -a + 15 = 2*a + y. Let f be (a + -2)/((-1)/(-2)). Suppose -o - 4*s = 3*o - 72, -3*o + 58 = f*s. What is the units digit of o?
4
Let j(s) = s**3 + 15*s**2 + 5*s + 2. Let w(l) = l**3 + 14*l**2 + 4*l + 3. Let n(g) = -5*j(g) + 6*w(g). Suppose 2*p + 6 = -12. What is the units digit of n(p)?
7
Suppose 0 = -3*x - 4*y + 7, 3*x - 4*y = 28 - 5. Let r = x + -2. What is the units digit of r?
3
Let w(d) = -21*d - 1. Let k(f) = -10*f - 1. Let t(l) = 7*k(l) - 3*w(l). What is the tens digit of t(-2)?
1
Let k(r) = r**3 + 17*r**2 - 6*r - 38. What is the units digit of k(-17)?
4
Let i(p) = -1 + 49*p - 8*p + 36*p. Let m be i(1). Suppose m = 8*s - 4*s. What is the tens digit of s?
1
Suppose -7*s - 24 = -8*s. What is the tens digit of s?
2
Suppose 13*d - 136 = 5*d. What is the units digit of d?
7
Suppose 0 = -6*y - 9*y + 795. What is the tens digit of y?
5
Let g(n) = n**3 + 12*n**2 + 9*n + 16. What is the tens digit of g(-11)?
3
Suppose 0 = -25*q + 20*q + 175. What is the units digit of q?
5
Let x = 1 - -37. What is the units digit of x?
8
Let o(a) = -a**2 - 14*a + 7. Let d(x) = -x**2 - 14*x + 7. Let w(c) = 6*c. Let y be w(1). Let m(p) = y*d(p) - 5*o(p). What is the tens digit of m(-13)?
2
Let t = 57 + -30. What is the units digit of t?
7
Suppose 0 = -h + 3 - 1. Let b(l) = -8 + h + 0 + 2*l + 2. What is the tens digit of b(8)?
1
Let b = -25 + 11. Let a = 30 + b. Let k = a - 8. What is the units digit of k?
8
Let p = -18 + 34. What is the tens digit of p?
1
Let f(t) = 2*t**2 + 5*t. What is the tens digit of f(-4)?
1
Suppose 4*x = -15 + 3. Let v = x + 9. What is the units digit of v?
6
Suppose -20 = -2*z - 4*x, -2*z + 0*z = 5*x - 24. What is the units digit of (-1)/z + (-30)/(-4)?
7
Let p(f) = f - 10. Let t be p(6). What is the units digit of (-23)/(-2) + t/(-8)?
2
Suppose -4*v + 49 = 6*u - u, 4*u - 50 = -5*v. What is the units digit of v?
6
What is the units digit of (5/3)/((-13)/(-195))?
5
Let c be 43/4 - 6/(-24). Suppose -y - 2*u = -c, 4*y - 16 = -3*u + 43. What is the tens digit of y?
1
Let f(a) = -3*a. Let c(l) = 1. Let v(k) = 2*c(k) + f(k). What is the units digit of v(-11)?
5
Let k = -13 + 17. Suppose -3*q + 56 = 4*r + 2*q, 3*r - 41 = -k*q. What is the units digit of r?
9
Suppose 0 = 2*z - 5*z + 69. What is the tens digit of z?
2
Let d be 6/(-1)*(-40)/(-12). What is the units digit of 726/15 - (-8)/d?
8
What is the units digit of 134 + -8*5/(-10)?
8
Let w(o) = -10*o - 4. What is the tens digit of w(-5)?
4
Let o(s) = -1 - 2*s**3 + 4 - 4*s**2 + 3*s**3. Let t be o(4). Let l(f) = f**3 - 2*f**2 - 2*f + 4. What is the units digit of l(t)?
7
Suppose 2 + 1 = l. Suppose -l - 7 = -a. What is the tens digit of a?
1
Let z = 40 + 18. What is the tens digit of z?
5
Suppose 0 = -2*q + 3*c + 8, 0*q - 3*q - c + 1 = 0. Let r = q +